{"id":8,"date":"2025-08-27T08:03:20","date_gmt":"2025-08-27T08:03:20","guid":{"rendered":"https:\/\/eager-spence.185-26-145-243.plesk.page\/?page_id=8"},"modified":"2025-08-27T12:46:52","modified_gmt":"2025-08-27T12:46:52","slug":"anasayfa","status":"publish","type":"page","link":"https:\/\/akdenizdoviz.com\/","title":{"rendered":"Anasayfa"},"content":{"rendered":"\t\t<div data-elementor-type=\"wp-page\" data-elementor-id=\"8\" class=\"elementor elementor-8\" data-elementor-post-type=\"page\">\n\t\t\t\t<div class=\"elementor-element elementor-element-e97a870 e-flex e-con-boxed e-con e-parent\" data-id=\"e97a870\" data-element_type=\"container\" data-settings=\"{&quot;background_background&quot;:&quot;video&quot;,&quot;background_video_link&quot;:&quot;https:\\\/\\\/akdenizdoviz.com\\\/wp-content\\\/uploads\\\/2025\\\/08\\\/Exchange-Background-Video-HD.mp4&quot;,&quot;background_play_on_mobile&quot;:&quot;yes&quot;,&quot;ekit_has_onepagescroll_dot&quot;:&quot;yes&quot;}\">\n\t\t\t\t\t<div class=\"e-con-inner\">\n\t\t<div class=\"elementor-background-video-container\" aria-hidden=\"true\">\n\t\t\t\t\t\t\t<video class=\"elementor-background-video-hosted\" autoplay muted playsinline loop><\/video>\n\t\t\t\t\t<\/div>\t\t<div class=\"elementor-element elementor-element-9de6e98 elementor-widget elementor-widget-heading\" data-id=\"9de6e98\" data-element_type=\"widget\" data-settings=\"{&quot;ekit_we_effect_on&quot;:&quot;none&quot;}\" data-widget_type=\"heading.default\">\n\t\t\t\t\t<h2 class=\"elementor-heading-title elementor-size-default\">AKDEN\u0130Z D\u00d6V\u0130Z<\/h2>\t\t\t\t<\/div>\n\t\t\t\t<div class=\"elementor-element elementor-element-de9e4a6 elementor-widget elementor-widget-elementskit-fancy-animated-text\" data-id=\"de9e4a6\" data-element_type=\"widget\" data-settings=\"{&quot;ekit_we_effect_on&quot;:&quot;none&quot;}\" data-widget_type=\"elementskit-fancy-animated-text.default\">\n\t\t\t\t<div class=\"elementor-widget-container\">\n\t\t\t\t\t<div class=\"ekit-wid-con\" >            <h2 class=\"ekit-fancy-text clip is-full-width\" data-id=\"de9e4a6\" data-animation-settings=\"{&quot;animationStyle&quot;:&quot;animated&quot;,&quot;animationDelay&quot;:2500,&quot;loadingBar&quot;:3800,&quot;lettersDelay&quot;:50,&quot;typeLettersDelay&quot;:150,&quot;duration&quot;:500,&quot;revealDuration&quot;:2000,&quot;revealAnimationDelay&quot;:2000}\">\n                \t\t\t\t<span class=\"ekit-fancy-text-lists \">\n\t\t\t\t\t\t\t\t\t\t<b class=\"ekit-fancy-text elementor-repeater-item-88dee4d is-visible\">G\u00fcvenilir D\u00f6viz \u0130\u015flemleri<\/b>\n\t\t\t\t\t\t\t\t\t\t<b class=\"ekit-fancy-text elementor-repeater-item-8f7de9b \">G\u00fcvenilir D\u00f6viz \u0130\u015flemleri<\/b>\n\t\t\t\t\t\t\t\t\t\t<b class=\"ekit-fancy-text elementor-repeater-item-158286f \">G\u00fcvenilir D\u00f6viz \u0130\u015flemleri<\/b>\n\t\t\t\t\t\t\t\t\t<\/span>\n\t\t\t            <\/h2>\n        <\/div>\t\t\t\t<\/div>\n\t\t\t\t<\/div>\n\t\t\t\t<div class=\"elementor-element elementor-element-4f68479 elementor-widget__width-initial elementor-widget elementor-widget-heading\" data-id=\"4f68479\" data-element_type=\"widget\" data-settings=\"{&quot;ekit_we_effect_on&quot;:&quot;none&quot;}\" data-widget_type=\"heading.default\">\n\t\t\t\t\t<h2 class=\"elementor-heading-title elementor-size-default\">Akdeniz D\u00f6viz olarak, t\u00fcm i\u015flemlerinizi yasal mevzuata uygun \u015fekilde ger\u00e7ekle\u015ftiriyor, g\u00fcvenilir ve \u015feffaf hizmet anlay\u0131\u015f\u0131m\u0131zla sizlere en do\u011fru kurlar\u0131 sunuyoruz. M\u00fc\u015fteri memnuniyetini \u00f6n planda tutarak h\u0131zl\u0131, g\u00fcvenli ve profesyonel \u00e7\u00f6z\u00fcmler sa\u011fl\u0131yoruz<\/h2>\t\t\t\t<\/div>\n\t\t\t\t<div class=\"elementor-element elementor-element-9aba84f elementor-widget elementor-widget-button\" data-id=\"9aba84f\" data-element_type=\"widget\" data-settings=\"{&quot;ekit_we_effect_on&quot;:&quot;none&quot;}\" data-widget_type=\"button.default\">\n\t\t\t\t\t\t\t\t\t\t<a class=\"elementor-button elementor-button-link elementor-size-sm\" href=\"#hakkimizda\">\n\t\t\t\t\t\t<span class=\"elementor-button-content-wrapper\">\n\t\t\t\t\t\t\t\t\t<span class=\"elementor-button-text\">Daha Fazla<\/span>\n\t\t\t\t\t<\/span>\n\t\t\t\t\t<\/a>\n\t\t\t\t\t\t\t\t<\/div>\n\t\t\t\t\t<\/div>\n\t\t\t\t<\/div>\n\t\t<div class=\"elementor-element elementor-element-0ee092d e-flex e-con-boxed e-con e-parent\" data-id=\"0ee092d\" data-element_type=\"container\" id=\"hakkimizda\" data-settings=\"{&quot;ekit_has_onepagescroll_dot&quot;:&quot;yes&quot;}\">\n\t\t\t\t\t<div class=\"e-con-inner\">\n\t\t<div class=\"elementor-element elementor-element-d30bf00 e-con-full e-flex e-con e-child\" data-id=\"d30bf00\" data-element_type=\"container\" data-settings=\"{&quot;ekit_has_onepagescroll_dot&quot;:&quot;yes&quot;}\">\n\t\t\t\t<div class=\"elementor-element elementor-element-3c3b62f elementor-widget elementor-widget-image\" data-id=\"3c3b62f\" data-element_type=\"widget\" data-settings=\"{&quot;ekit_we_effect_on&quot;:&quot;none&quot;}\" data-widget_type=\"image.default\">\n\t\t\t\t\t\t\t\t\t\t\t\t\t\t\t<img fetchpriority=\"high\" decoding=\"async\" width=\"1000\" height=\"563\" src=\"https:\/\/akdenizdoviz.com\/wp-content\/uploads\/2025\/08\/12929-1.jpg\" class=\"attachment-full size-full wp-image-110\" alt=\"\" srcset=\"https:\/\/akdenizdoviz.com\/wp-content\/uploads\/2025\/08\/12929-1.jpg 1000w, https:\/\/akdenizdoviz.com\/wp-content\/uploads\/2025\/08\/12929-1-300x169.jpg 300w, https:\/\/akdenizdoviz.com\/wp-content\/uploads\/2025\/08\/12929-1-768x432.jpg 768w\" sizes=\"(max-width: 1000px) 100vw, 1000px\" \/>\t\t\t\t\t\t\t\t\t\t\t\t\t\t\t<\/div>\n\t\t\t\t<\/div>\n\t\t<div class=\"elementor-element elementor-element-484c912 e-con-full e-flex e-con e-child\" data-id=\"484c912\" data-element_type=\"container\" data-settings=\"{&quot;ekit_has_onepagescroll_dot&quot;:&quot;yes&quot;}\">\n\t\t\t\t<div class=\"elementor-element elementor-element-08b3427 elementor-widget elementor-widget-heading\" data-id=\"08b3427\" data-element_type=\"widget\" data-settings=\"{&quot;ekit_we_effect_on&quot;:&quot;none&quot;}\" data-widget_type=\"heading.default\">\n\t\t\t\t\t<h2 class=\"elementor-heading-title elementor-size-default\">AKDEN\u0130Z D\u00d6V\u0130Z<\/h2>\t\t\t\t<\/div>\n\t\t\t\t<div class=\"elementor-element elementor-element-3707dbc elementor-widget elementor-widget-heading\" data-id=\"3707dbc\" data-element_type=\"widget\" data-settings=\"{&quot;ekit_we_effect_on&quot;:&quot;none&quot;}\" data-widget_type=\"heading.default\">\n\t\t\t\t\t<h2 class=\"elementor-heading-title elementor-size-default\">Hakk\u0131m\u0131zda<\/h2>\t\t\t\t<\/div>\n\t\t\t\t<div class=\"elementor-element elementor-element-13b9a6e elementor-widget elementor-widget-heading\" data-id=\"13b9a6e\" data-element_type=\"widget\" data-settings=\"{&quot;ekit_we_effect_on&quot;:&quot;none&quot;}\" data-widget_type=\"heading.default\">\n\t\t\t\t\t<h2 class=\"elementor-heading-title elementor-size-default\">Akdeniz D\u00f6viz, m\u00fc\u015fterilerine g\u00fcvenilir, h\u0131zl\u0131 ve \u015feffaf d\u00f6viz hizmeti sunmak i\u00e7in kurulmu\u015ftur. T\u00fcm faaliyetlerimiz MASAK mevzuat\u0131na uygun olarak y\u00fcr\u00fct\u00fclmekte, m\u00fc\u015fteri memnuniyeti ve g\u00fcveni en \u00f6n planda tutulmaktad\u0131r.<\/h2>\t\t\t\t<\/div>\n\t\t\t\t<div class=\"elementor-element elementor-element-ef64138 elementor-widget elementor-widget-button\" data-id=\"ef64138\" data-element_type=\"widget\" data-settings=\"{&quot;ekit_we_effect_on&quot;:&quot;none&quot;}\" data-widget_type=\"button.default\">\n\t\t\t\t\t\t\t\t\t\t<a class=\"elementor-button elementor-button-link elementor-size-sm\" href=\"https:\/\/akdenizdoviz.com\/wp-content\/uploads\/2025\/08\/5-AKDENIZ-MASAK-Uyum-Politikasi.pdf\" target=\"_blank\">\n\t\t\t\t\t\t<span class=\"elementor-button-content-wrapper\">\n\t\t\t\t\t\t\t\t\t<span class=\"elementor-button-text\">Daha Fazla<\/span>\n\t\t\t\t\t<\/span>\n\t\t\t\t\t<\/a>\n\t\t\t\t\t\t\t\t<\/div>\n\t\t\t\t<\/div>\n\t\t\t\t\t<\/div>\n\t\t\t\t<\/div>\n\t\t<div class=\"elementor-element elementor-element-10b82ec e-flex e-con-boxed e-con e-parent\" data-id=\"10b82ec\" data-element_type=\"container\" id=\"D\u00f6vizKurlar\u0131\" data-settings=\"{&quot;background_background&quot;:&quot;classic&quot;,&quot;ekit_has_onepagescroll_dot&quot;:&quot;yes&quot;}\">\n\t\t\t\t\t<div class=\"e-con-inner\">\n\t\t\t\t<div class=\"elementor-element elementor-element-2270cdc elementor-widget elementor-widget-heading\" data-id=\"2270cdc\" data-element_type=\"widget\" data-settings=\"{&quot;ekit_we_effect_on&quot;:&quot;none&quot;}\" data-widget_type=\"heading.default\">\n\t\t\t\t\t<h2 class=\"elementor-heading-title elementor-size-default\">AKDEN\u0130Z D\u00d6V\u0130Z<\/h2>\t\t\t\t<\/div>\n\t\t\t\t<div class=\"elementor-element elementor-element-a200fe2 elementor-widget elementor-widget-heading\" data-id=\"a200fe2\" data-element_type=\"widget\" data-settings=\"{&quot;ekit_we_effect_on&quot;:&quot;none&quot;}\" data-widget_type=\"heading.default\">\n\t\t\t\t\t<h2 class=\"elementor-heading-title elementor-size-default\">Anl\u0131k D\u00f6viz Kurlar\u0131<\/h2>\t\t\t\t<\/div>\n\t\t\t\t<div class=\"elementor-element elementor-element-4c11019 elementor-widget elementor-widget-heading\" data-id=\"4c11019\" data-element_type=\"widget\" data-settings=\"{&quot;ekit_we_effect_on&quot;:&quot;none&quot;}\" data-widget_type=\"heading.default\">\n\t\t\t\t\t<h2 class=\"elementor-heading-title elementor-size-default\">G\u00fcncel kurlar\u0131 anl\u0131k olarak takip edin; USD, EUR, GBP ve alt\u0131n dahil t\u00fcm veriler d\u00fczenli bi\u00e7imde g\u00fcncellenir. \u015eeffaf fiyat politikam\u0131z sayesinde ek \u00fccret ya da s\u00fcrpriz komisyon olmadan net fiyat\u0131 g\u00f6r\u00fcr, kar\u015f\u0131la\u015ft\u0131r\u0131r ve en do\u011fru bilgiye h\u0131zla ula\u015f\u0131rs\u0131n\u0131z. G\u00fcvenle i\u015flem yap\u0131n.<\/h2>\t\t\t\t<\/div>\n\t\t\t\t<div class=\"elementor-element elementor-element-e6e02d2 elementor-widget elementor-widget-html\" data-id=\"e6e02d2\" data-element_type=\"widget\" data-settings=\"{&quot;ekit_we_effect_on&quot;:&quot;none&quot;}\" data-widget_type=\"html.default\">\n\t\t\t\t\t<!-- TradingView D\u00f6viz Kurlar\u0131 Tablosu -->\r\n<iframe src=\"https:\/\/s.tradingview.com\/embed-widget\/market-quotes\/?locale=tr#%7B%22width%22%3A%22auto%22%2C%22height%22%3A400%2C%22symbolsGroups%22%3A%5B%7B%22name%22%3A%22D%C3%B6viz%22%2C%22symbols%22%3A%5B%7B%22name%22%3A%22FX_IDC%3AUSDTRY%22%7D%2C%7B%22name%22%3A%22FX_IDC%3AEURTRY%22%7D%2C%7B%22name%22%3A%22FX_IDC%3AGBPTRY%22%7D%2C%7B%22name%22%3A%22FX_IDC%3ACHFTRY%22%7D%2C%7B%22name%22%3A%22FX_IDC%3ACADTRY%22%7D%2C%7B%22name%22%3A%22FX_IDC%3AAUDTRY%22%7D%2C%7B%22name%22%3A%22FX_IDC%3AJPYTRY%22%7D%2C%7B%22name%22%3A%22FX_IDC%3AXAUUSD%22%7D%5D%7D%5D%2C%22showSymbolLogo%22%3Atrue%2C%22colorTheme%22%3A%22light%22%2C%22isTransparent%22%3Afalse%2C%22largeChartUrl%22%3A%22%22%7D\" \r\nwidth=\"100%\" \r\nheight=\"300\" \r\nframeborder=\"0\" \r\nallowtransparency=\"true\" \r\nscrolling=\"no\">\r\n<\/iframe>\r\n\t\t\t\t<\/div>\n\t\t\t\t\t<\/div>\n\t\t\t\t<\/div>\n\t\t<div class=\"elementor-element elementor-element-cdcc7e6 e-flex e-con-boxed e-con e-parent\" data-id=\"cdcc7e6\" data-element_type=\"container\" id=\"Politikalar\u0131m\u0131z\" data-settings=\"{&quot;ekit_has_onepagescroll_dot&quot;:&quot;yes&quot;}\">\n\t\t\t\t\t<div class=\"e-con-inner\">\n\t\t<div class=\"elementor-element elementor-element-df6d6e1 e-con-full e-flex e-con e-child\" data-id=\"df6d6e1\" data-element_type=\"container\" data-settings=\"{&quot;ekit_has_onepagescroll_dot&quot;:&quot;yes&quot;}\">\n\t\t\t\t<div class=\"elementor-element elementor-element-cdb1a5b elementor-widget elementor-widget-image\" data-id=\"cdb1a5b\" data-element_type=\"widget\" data-settings=\"{&quot;ekit_we_effect_on&quot;:&quot;none&quot;}\" data-widget_type=\"image.default\">\n\t\t\t\t\t\t\t\t\t\t\t\t\t\t\t<img decoding=\"async\" width=\"1000\" height=\"667\" src=\"https:\/\/akdenizdoviz.com\/wp-content\/uploads\/2025\/08\/2147704547.jpg\" class=\"attachment-full size-full wp-image-115\" alt=\"\" srcset=\"https:\/\/akdenizdoviz.com\/wp-content\/uploads\/2025\/08\/2147704547.jpg 1000w, https:\/\/akdenizdoviz.com\/wp-content\/uploads\/2025\/08\/2147704547-300x200.jpg 300w, https:\/\/akdenizdoviz.com\/wp-content\/uploads\/2025\/08\/2147704547-768x512.jpg 768w\" sizes=\"(max-width: 1000px) 100vw, 1000px\" \/>\t\t\t\t\t\t\t\t\t\t\t\t\t\t\t<\/div>\n\t\t\t\t<\/div>\n\t\t<div class=\"elementor-element elementor-element-742e90c e-con-full e-flex e-con e-child\" data-id=\"742e90c\" data-element_type=\"container\" data-settings=\"{&quot;ekit_has_onepagescroll_dot&quot;:&quot;yes&quot;}\">\n\t\t\t\t<div class=\"elementor-element elementor-element-070a3d7 elementor-widget elementor-widget-heading\" data-id=\"070a3d7\" data-element_type=\"widget\" data-settings=\"{&quot;ekit_we_effect_on&quot;:&quot;none&quot;}\" data-widget_type=\"heading.default\">\n\t\t\t\t\t<h2 class=\"elementor-heading-title elementor-size-default\">AKDEN\u0130Z D\u00d6V\u0130Z<\/h2>\t\t\t\t<\/div>\n\t\t\t\t<div class=\"elementor-element elementor-element-ac4e9db elementor-widget elementor-widget-heading\" data-id=\"ac4e9db\" data-element_type=\"widget\" data-settings=\"{&quot;ekit_we_effect_on&quot;:&quot;none&quot;}\" data-widget_type=\"heading.default\">\n\t\t\t\t\t<h2 class=\"elementor-heading-title elementor-size-default\">Uyum ve G\u00fcven Politikam\u0131z<\/h2>\t\t\t\t<\/div>\n\t\t\t\t<div class=\"elementor-element elementor-element-27f4291 elementor-widget elementor-widget-heading\" data-id=\"27f4291\" data-element_type=\"widget\" data-settings=\"{&quot;ekit_we_effect_on&quot;:&quot;none&quot;}\" data-widget_type=\"heading.default\">\n\t\t\t\t\t<h2 class=\"elementor-heading-title elementor-size-default\">T\u00fcm i\u015flemlerimiz 5549 Say\u0131l\u0131 Su\u00e7 Gelirlerinin Aklanmas\u0131n\u0131n \u00d6nlenmesi Kanunu kapsam\u0131nda y\u00fcr\u00fct\u00fclmekte, \u015f\u00fcpheli i\u015flem bildirimi, risk y\u00f6netimi ve m\u00fc\u015fteri tan\u0131ma politikalar\u0131na titizlikle uyulmaktad\u0131r.<\/h2>\t\t\t\t<\/div>\n\t\t\t\t<div class=\"elementor-element elementor-element-65dde39 elementor-widget elementor-widget-button\" data-id=\"65dde39\" data-element_type=\"widget\" data-settings=\"{&quot;ekit_we_effect_on&quot;:&quot;none&quot;}\" data-widget_type=\"button.default\">\n\t\t\t\t\t\t\t\t\t\t<a class=\"elementor-button elementor-button-link elementor-size-sm\" href=\"https:\/\/akdenizdoviz.com\/wp-content\/uploads\/2025\/08\/5-AKDENIZ-MASAK-Uyum-Politikasi.pdf\" target=\"_blank\">\n\t\t\t\t\t\t<span class=\"elementor-button-content-wrapper\">\n\t\t\t\t\t\t\t\t\t<span class=\"elementor-button-text\">Daha Fazla<\/span>\n\t\t\t\t\t<\/span>\n\t\t\t\t\t<\/a>\n\t\t\t\t\t\t\t\t<\/div>\n\t\t\t\t<\/div>\n\t\t\t\t\t<\/div>\n\t\t\t\t<\/div>\n\t\t\t\t<\/div>\n\t\t","protected":false},"excerpt":{"rendered":"<p>AKDEN\u0130Z D\u00d6V\u0130Z G\u00fcvenilir D\u00f6viz \u0130\u015flemleri G\u00fcvenilir D\u00f6viz \u0130\u015flemleri G\u00fcvenilir D\u00f6viz \u0130\u015flemleri Akdeniz D\u00f6viz olarak, t\u00fcm i\u015flemlerinizi yasal mevzuata uygun \u015fekilde ger\u00e7ekle\u015ftiriyor, g\u00fcvenilir ve \u015feffaf hizmet anlay\u0131\u015f\u0131m\u0131zla sizlere en do\u011fru kurlar\u0131 sunuyoruz. M\u00fc\u015fteri memnuniyetini \u00f6n planda tutarak h\u0131zl\u0131, g\u00fcvenli ve profesyonel \u00e7\u00f6z\u00fcmler sa\u011fl\u0131yoruz Daha Fazla AKDEN\u0130Z D\u00d6V\u0130Z Hakk\u0131m\u0131zda Akdeniz D\u00f6viz, m\u00fc\u015fterilerine g\u00fcvenilir, h\u0131zl\u0131 ve \u015feffaf d\u00f6viz [&hellip;]<\/p>\n","protected":false},"author":1,"featured_media":0,"parent":0,"menu_order":0,"comment_status":"closed","ping_status":"closed","template":"elementor_header_footer","meta":{"footnotes":""},"class_list":["post-8","page","type-page","status-publish","hentry"],"_links":{"self":[{"href":"https:\/\/akdenizdoviz.com\/index.php?rest_route=\/wp\/v2\/pages\/8","targetHints":{"allow":["GET"]}}],"collection":[{"href":"https:\/\/akdenizdoviz.com\/index.php?rest_route=\/wp\/v2\/pages"}],"about":[{"href":"https:\/\/akdenizdoviz.com\/index.php?rest_route=\/wp\/v2\/types\/page"}],"author":[{"embeddable":true,"href":"https:\/\/akdenizdoviz.com\/index.php?rest_route=\/wp\/v2\/users\/1"}],"replies":[{"embeddable":true,"href":"https:\/\/akdenizdoviz.com\/index.php?rest_route=%2Fwp%2Fv2%2Fcomments&post=8"}],"version-history":[{"count":79,"href":"https:\/\/akdenizdoviz.com\/index.php?rest_route=\/wp\/v2\/pages\/8\/revisions"}],"predecessor-version":[{"id":226,"href":"https:\/\/akdenizdoviz.com\/index.php?rest_route=\/wp\/v2\/pages\/8\/revisions\/226"}],"wp:attachment":[{"href":"https:\/\/akdenizdoviz.com\/index.php?rest_route=%2Fwp%2Fv2%2Fmedia&parent=8"}],"curies":[{"name":"wp","href":"https:\/\/api.w.org\/{rel}","templated":true}]}}